 - (19 - (-21 - -39)).
-6
Calculate 8 + -12 + -2 + -5.
-11
What is 24 + -26 - (4 - (9 - -1))?
4
What is the value of 10 + (-4 - -7) + -4 + -4 - 18?
-13
-5 + -4 + -9 + 13 - (1 + -1)
-5
Calculate (-6 - -31 - 11) + 4.
18
What is (0 - -7) + 64 + -80 - 1?
-10
Evaluate -11 - ((-23 - -35) + -23).
0
Calculate (0 - 1) + 13 - (-482 + 495).
-1
Evaluate (7 - 0) + (-14 - -26) + -6.
13
What is -8 - -16 - (5 + 3 + -4 + -7)?
11
(-53 - -70) + (-5 - 4)
8
-1 - (9 + (11 - 13) + -4)
-4
What is the value of (-14 + (-1 - -10) - -10) + (0 - 0)?
5
What is the value of 14 - 22 - (5 - 4 - 11) - 29?
-27
What is the value of -4 - ((-63 - -43) + 0 + 0) - 2?
14
Evaluate -2 + (-3 + 15 - 20) - -12.
2
What is the value of -11 - (-19 - 4 - -23)?
-11
What is the value of (1 - -1 - (5 + -2)) + -179 + 183?
3
What is -1 + 2 + 15 + (28 - (72 - 41))?
13
What is the value of (6 - 1) + (3 - 1) + -8?
-1
Calculate 0 - 2 - -5 - (-14 + 6 - -4).
7
Calculate (-127 - -115) + (15 - 3).
0
What is the value of -1 - (3 - 7) - (2 - 2)?
3
4 + (-2 - 6) + 4 - (-7 - 2)
9
What is the value of (4 - -10) + -1 - 2?
11
Evaluate 577 + -570 + -1 + 0 + -1.
5
-33 + (-14 - -30) + 6
-11
Calculate 31 - (2 + 19 - -14).
-4
Calculate (-7 - 0) + (3 - -30) + -35 + 10.
1
What is (22 - 26) + (5 - (-7 + 3) - 0)?
5
What is the value of -74 + 63 + -13 + 11?
-13
What is 38 - (6 + 13) - 22?
-3
-27 + (17 - -10) - 22
-22
Calculate 10 + -4 + -4 - 13.
-11
Evaluate (11 - 0) + -4 + -2 + 1 + -2.
4
Calculate 19 - (24 - 14 - -6).
3
What is 1 - -1 - (6 + (6 - (-10 + 36)))?
16
Evaluate -34 + (36 - (36 + -17)).
-17
What is the value of 1835 + -1869 - (-1 + -13)?
-20
3 - (17 - -1 - (8 - 21 - -15))
-13
-28 + 85 - (44 - 18)
31
What is the value of 12 + -7 + (-11 + 2 + 6 - 5)?
-3
-2 + 8 + 20 + -15
11
Calculate 0 + -5 + 3 + 4 + -4 + 7.
5
Calculate (11 - 0) + (-1 - (-2 - -13)).
-1
Evaluate (101 - 145 - (-16 - 0)) + 13.
-15
Calculate -7 + -19 + 11 + 7.
-8
What is (-8 - (14 + -9)) + 4 + 16?
7
What is the value of (18 - 24) + (-2 - -6)?
-2
What is the value of (-1 - -8) + (142 - 162 - (0 + -8))?
-5
What is 13 + (-18 - -1) - (7 - 0)?
-11
Evaluate 5 + (3 - 2) + (2 - (12 + 0)).
-4
What is the value of (-12 - (14 - 40)) + -10 - 22?
-18
What is the value of (-1 - 30) + (3 - -11)?
-17
Evaluate (1 - 1) + -69 + 76.
7
Evaluate -4 + 3 + 7 + -11.
-5
Evaluate (-76 - -63) + 26 + -1.
12
What is the value of 9 + -1 + (10 - (-8 + 23))?
3
What is the value of 4 + 2 + -3 + 5 - (-66 + 58)?
16
103 + -30 - 66 - (-1 - (-1 + 1))
8
3 + (3 + (-2 - -3) - (13 - -7))
-13
Evaluate 10 + -5 - 10 - (-73 + 90).
-22
Evaluate 2 + -14 + 5 + -8 + 2 + 5.
-8
Evaluate (-28 - -24) + (-4 - 0 - (-30 - -7)).
15
What is -12 + 14 + (7 - 23)?
-14
What is the value of -2 + (-7 + (2 - (-2 + -4)) - 3)?
-4
What is the value of 6 + (-11 - -12) + -9?
-2
What is (49 - 50) + -4 + -11?
-16
Calculate -15 - 0 - (-12 - ((-3 - 2) + -1)).
-9
What is (-2 - (-7 + 8 + -13)) + -9 + -10?
-9
Calculate (32 - 37) + -2 + 12 + -20.
-15
Evaluate 27 + 0 + (23 - 58).
-8
Evaluate -18 - -10 - (-5 - -4).
-7
What is the value of -2 + -5 - (14 + -9 - (8 - 1))?
-5
What is 12 - (10 - (-10 - 5))?
-13
What is -26 + (-1 - -5) - (0 + -14)?
-8
0 + (-14 - (-11 - (-15 - 2)))
-20
4 + -12 + 0 - (-1 + 5) - 9
-21
What is the value of -34 + (-3 - -21) - -7?
-9
33 + -22 + -6 + -5
0
23 + (-6 + 6 - 15) - (30 + 0)
-22
What is 1 - (16 - (-3 - (1 - 6)))?
-13
Calculate -40 - (-17 - -4) - -26.
-1
What is -10 - 1 - (-5 + -16 - -21)?
-11
Calculate 4 - 0 - (-8 + (12 + -7 - -2)).
5
What is the value of -5 - (-8 - (-11 - 1) - -11)?
-20
What is 17 + (21 - (7 + 36))?
-5
What is the value of (-14 + 3 + 3 - (2 + -12)) + -3?
-1
Calculate 19 + (9 - (34 + -25 + 18)).
1
Calculate (-15 - (14 + -8 + -3)) + 2 + -3.
-19
-13 + 11 + 6 + -1 + -9
-6
Calculate -2 + (16 - (-11 - -6)) - 8.
11
Evaluate -11 + (-11 - -26) - 2.
2
(-11 - (-1 - (30 - 7))) + 10
23
Calculate (4 - 8) + 12 + -6 - (-2 - 9).
13
What is the value of (-20 - -10) + (-8 - (-3 + 8)) + 4?
-19
(1 + -7 - -4) + 12 + -1 + 3
12
25 + -10 + -21 + 4 + (3 - -7)
8
What is 3 + -16 + (-12 - -37)?
12
Evaluate (35 - 19 - -3) + -21 + 15.
13
(-1 - -3 - 3 - -5) + 133 + -134
3
Calculate -10 + 28 + 16 + -11.
23
What is (3 - (5 + -13)) + -1 - 3 - 7?
0
Calculate 0 - (-8 + 0 + 0) - (-165 + 159).
14
What is -8 + -5 - (0 + 2)?
-15
Evaluate -28 - (-56 + 42) - 9.
-23
Calculate 5 - ((-11 - -8) + (-3 - (-12 - -6))).
5
Evaluate 3 + 0 + -1 + (-4 - (-1 - -3)).
-4
What is the value of (-5 + 9 - 6) + -22 + 10?
-14
6 - 8 - (-17 + 26)
-11
What is the value of -7 - -9 - -11 - 4 - (-14 + -1)?
24
What is (-9 - 0) + 13 + 2 + -26?
-20
What is 14 + (-8 + -2 - -4)?
8
What is the value of -6 + 17 + (2 - 10) + 4?
7
What is the value of 8 + (13 - 1 - 18)?
2
What is the value of 8 + 18 - (4 + 13 - 8)?
17
What is the value of -5 + (-4 - -6) - (-5 - 8)?
10
What is -8 + 2 - (-17 + (-6 - 19))?
36
80 + -87 - (-13 + -3)
9
What is the value of 15 - 29 - -13 - (-7 + -3)?
9
What is the value of -15 + 0 + (5 - 8) + 8?
-10
What is (4 - -1) + -10 + 2 + 10 + -2?
5
Calculate 43 + -39 - (-8 + 10).
2
12 + -7 + (-8 - 1) - 4
-8
What is the value of 23 - (-3 - (-14 - -10 - -3 - -4))?
29
0 + (28 + -12 - 19)
-3
What is the value of 47 + -19 + (0 + -12 - -6)?
22
Evaluate -6 - -7 - (0 + 7) - (28 - 48).
14
Evaluate 15 - (18 + -22 + 9).
10
What is -427 + 466 - (-1 + 19)?
21
-6 + (-18 - ((-5 - -11) + -42))
12
Evaluate (14 - -18) + (0 - -1 - (6 - 3)).
30
What is the value of -1 + 7 + -1 - (70 - 63)?
-2
Calculate (-3 - 3) + 1 + (-31 - 8) + 43.
-1
What is 0 + (-9 - -10) - -4?
5
Evaluate -10 - (-1 - 2) - ((-17 - -16) + 18).
-24
What is the value of 12 - (-10 + (19 - -14))?
-11
Calculate -6 + (-8 + -8 - -37).
15
Calculate -19 + 28 + -31 - (-10 - -1).
-13
What is the value of (9 - -13) + -3 + (-27 - -26)?
18
Evaluate (-7 - -19) + (7 - -10).
29
What is 12 + -14 - (-6 - (-3 - -4))?
5
What is (-8 - (0 - 7 - -15)) + 2?
-14
(-311 - -305 - (-26 + -1)) + -1
20
Calculate (30 - (29 + 18)) + (2 - -1).
-14
What is -3 - (-26 + 3) - ((21 - 18) + 1)?
16
Calculate -6 - -13 - -3 - (-31 + 45).
-4
Calculate 2 + 1 + -10 + 16 + 2 + -26.
-15
Evaluate (21 - 30) + 2 + 9 + -3 + 23.
22
Calculate 21 + (6 - 2) + -22.
3
What is -6 + -7 - -24 - -19?
30
Calculate -8 - (5 + -8 + 1 - -13).
-19
(1 - (-6 + 7)) + -5 + -5
-10
What is -5 - (-14 - (-26 + (4 - -6)))?
-7
What is (-43 - -20) + (18 - -5)?
0
What is the value of -10 + -2 + (23 - 11 - 11)?
-11
-5 - ((-5 - -3) + (-3 - -3) - 5)
2
-8 + (-6 - -3 - -6) + -4 + -3
-12
What is the value of (0 - (-2 - -16)) + 175 + -170?
-9
Calculate -4 + 3 + 7 + -39 + 30.
-3
What is the value of 4 + -5 + (13 - 14)?
-2
What is -40 + 38 - (4 - (3 - -3))?
0
What is (8 - -7) + -29 - -5?
-9
What is 9 + -9 + 13 + (-13 - -1)?
1
Evaluate (-1 - 5) + -131 + 119 - -10.
-8
What is the value of -1 - -6 - (40 + 2 + -30 + 13)?
-20
(89 - 51) + -15 + 3 - (15 + -4)
15
What is the value of 13 - ((8 - 21) + 28)?
-2
What is 8 + -4 + (19 - (7 + -15 - -7))?
24
Evaluate 14 + 18 + (4 - (0 - -14)).
22
Evaluate 10 - 9 - (-1 - -13) - (-1 - 2).
-8
What is the value of 3 + (-14 - -15) + 6 + 6?
16
Calculate -17 + 0 + 7 - -12.
2
Calculate 7 - -1 - (14 - 27 - (2 - 19)).
4
What is (0 - -3) + (2 - -4 - -4)?
13
Evaluate -9 + 4 - (-4 - 4) - (1 + 15).
-13
Evaluate 26 - (1 + 0 + -107 + 108 - 1).
25
Calculate (16 - 2) + (5 - 25) + 13.
7
-4 - (0 + (-9 - -5)) - (11 + -7)
-4
What is -11 - (3 + 2 + -6 + -23)?
13
What is -6 + 0 - (-5 - -2 - (-5 + 7))?
-1
Calculate (-22 - -21) + (12 - -6).
17
Evaluate 2 + 2 + -8 + (-13 - (10 - 27)).
0
Evaluate 10 + 7 + -11 - (-4 - -33).
-23
What is the value of 1 + -21 - -25 - (-4 + 1)?
8
Evaluate -29 - (7 + 7 - (22 + 8)).
-13
What is 5 + (0 - (-16 - -23))?
-2
What is the value of (13 - 5) + -4 - (10 + -2 + 0)?
-4
What is the value of (0 - (5 + -6) - 2) + (-5 - -3)?
-3
0 + -42 - (1148 - 1172)
-18
What is 6 - 10 - (-17 - -3)?
10
What is 2 + (-19 - -33 - 2)?
14
What is the value of 2 - -25 - (-194 + 205)?
16
What is -1 - (-28 + 32) - (1 + 3 + -2)?
-7
-16 + 8 + -20 + (-2 - -13)
-17
What is -7 + 4 + (33 - 8) + -15?
7
Calculate -1 - -24 - (-2 + -3 + -1).
29
Calculate -57 - ((20 - 48) + -5).
-24
-21 - (-15 - -8) - -12 - (-9 + 1)
6
7 - 2 - (25 + -34)
14
Evaluate -16 + 0 - (6 + 5 + 2 - 23).
-6
What is 0 + -6 + (29 - 8) + -42 + 52?
25
What is (4 - 4) + (0 - 1) + (64 - 55)?
8
Evaluate 28 + -1 - (